4. Calculate l(22).
-4
Let j(m) = 2*m**3 + 40*m**2 + 10*m + 129. What is j(-20)?
-71
Let k(y) = -2*y**3 + 20*y**2 - 15*y - 3. Determine k(9).
24
Let s(i) = i**3 + 18*i**2 - 41*i - 949. Calculate s(-16).
219
Let u(g) = -179*g + 725. Determine u(4).
9
Let y(m) = -201*m + 5825. Determine y(29).
-4
Let b(l) = -2*l**2 - 856*l - 2556. Give b(-3).
-6
Let w(u) = -41*u - 3823. Calculate w(-93).
-10
Let s(u) = 5*u**2 - 283*u + 1. Calculate s(56).
-167
Let x(o) = -o**3 + 22*o**2 - 74*o - 188. Give x(17).
-1
Let k(l) = 3*l**3 - 37*l**2 + 186*l - 1533. Calculate k(11).
29
Let x(n) = -181*n + 5599. Give x(31).
-12
Let q(c) = -3*c**2 - 19*c + 423. Give q(-16).
-41
Let g(b) = b**2 - 102*b - 1012. Calculate g(-9).
-13
Let h(o) = 9*o - 434. Give h(33).
-137
Let z(h) = -180*h**2 - 12*h + 12. What is z(2)?
-732
Let u(a) = -20*a**2 - 281*a - 15. Calculate u(-14).
-1
Let a(q) = 36*q - 63. What is a(6)?
153
Let l(w) = 3532*w - 7085. Determine l(2).
-21
Let p(v) = 3052*v - 12197. Give p(4).
11
Let n(g) = -g**3 - 23*g**2 + 106*g - 25. What is n(-27)?
29
Let c(n) = 7*n - 92. What is c(6)?
-50
Let w(v) = -88*v + 451. Calculate w(6).
-77
Let v(y) = 14*y - 669. Give v(50).
31
Let n(j) = -710*j + 1419. Determine n(2).
-1
Let j(b) = 152*b - 4474. Give j(30).
86
Let f(x) = -247*x - 28901. Give f(-117).
-2
Let t(i) = -2*i**3 + 40*i**2 - 146*i - 8. Calculate t(5).
12
Let y(a) = -171*a + 7198. Determine y(42).
16
Let u(g) = g**2 - 62*g + 865. What is u(20)?
25
Let a(d) = d**2 - 18*d + 22. Calculate a(3).
-23
Let o(h) = h**3 - 9*h**2 + 30*h - 267. Determine o(9).
3
Let b(g) = 4*g**3 - 2*g**2 + 121*g - 260. Calculate b(2).
6
Let d(m) = 2*m**3 + 52*m**2 - 636*m - 42. What is d(-35)?
168
Let m(f) = 72*f - 200. Calculate m(3).
16
Let s(l) = -2*l**2 - 364*l + 2270. Determine s(6).
14
Let q(m) = 1733*m + 10396. What is q(-6)?
-2
Let l(j) = -j**3 + 87*j**2 - 79*j - 447. Give l(86).
155
Let z(s) = 238*s + 1194. Determine z(-5).
4
Let w(v) = 6*v**2 - 56*v + 15. Calculate w(9).
-3
Let w(a) = 6*a**3 + 48*a**2 + 51*a + 1. Give w(-1).
-8
Let k(i) = i**3 + 7*i**2 - 10*i - 21. Calculate k(-7).
49
Let n(y) = 2*y**2 + 29*y + 140. Determine n(-6).
38
Let q(n) = -n**3 + 15*n**2 + 50*n + 59. Calculate q(18).
-13
Let m(j) = -j**3 - 39*j**2 - 292*j - 84. Determine m(-29).
-26
Let c(a) = -2*a**3 + 33*a**2 + 264*a - 3794. Determine c(18).
-14
Let k(l) = 8*l + 47. Calculate k(-5).
7
Let h(t) = 2*t**3 + 434*t**2 - 437*t - 213. What is h(-218)?
5
Let n(f) = f**3 + 34*f**2 - 214*f - 7276. Calculate n(-34).
0
Let w(z) = z**2 + 860*z + 20904. Give w(-25).
29
Let c(w) = 200*w + 1814. Calculate c(-9).
14
Let k(a) = 45*a**3 + 11*a**2 + 3*a + 3. What is k(2)?
413
Let a(t) = -t**3 + 30*t**2 - 30*t - 16. Determine a(29).
-45
Let i(k) = k**3 - 23*k**2 + 59*k + 20. Calculate i(20).
0
Let r(c) = c**3 - 38*c**2 + 70*c + 6. What is r(36)?
-66
Let o(d) = d**3 - 19*d**2 - 23*d + 467. Determine o(19).
30
Let r(v) = -12*v - 202. Determine r(19).
-430
Let t(u) = -3*u**3 + u**2 - 5*u + 4. Give t(3).
-83
Let y(v) = -108*v**2 + 697*v + 13. Determine y(6).
307
Let k(s) = 3*s**2 - s - 346. Calculate k(0).
-346
Let r(u) = 61*u**2 - 305*u - 15. What is r(5)?
-15
Let v(w) = 235*w - 4285. Calculate v(18).
-55
Let f(n) = -2*n**2 + 127*n + 1388. Determine f(73).
1
Let x(f) = f**3 + 25*f**2 + 45*f + 1854. Determine x(-26).
8
Let s(q) = 18*q - 361. Determine s(3).
-307
Let z(d) = 6*d**2 - 24*d + 161. Give z(10).
521
Let u(m) = -m**2 - 9*m - 18. Determine u(-7).
-4
Let o(q) = 141*q - 1918. Give o(13).
-85
Let r(k) = -48*k**3 + 2. What is r(1)?
-46
Let x(z) = -3*z**2 + 95*z - 371. What is x(27)?
7
Let r(u) = -101*u**2 + 76*u + 153. Give r(-2).
-403
Let n(z) = -3*z**2 + 11*z. What is n(3)?
6
Let p(o) = -2*o**3 + 13*o**2 - o + 14. What is p(7)?
-42
Let v(c) = -5*c + 67. What is v(-9)?
112
Let x(o) = 138*o + 3727. Calculate x(-27).
1
Let i(r) = 5*r**2 - 77*r + 495. What is i(11)?
253
Let n(q) = q**3 - 87*q**2 - 352*q + 40. Calculate n(-4).
-8
Let i(r) = -r**3 + 12*r**2 + 24*r - 18. Give i(12).
270
Let w(b) = 8481*b + 8471. What is w(-1)?
-10
Let w(d) = -5*d**3 + d**2 - 4*d + 14. Determine w(3).
-124
Let o(s) = 283*s - 8509. Give o(30).
-19
Let g(j) = -j**3 + 21*j**2 - 58*j - 68. What is g(18)?
-140
Let t(q) = 3*q**3 - 14*q**2 - 73*q + 453. What is t(6)?
159
Let p(l) = -l**3 + 12*l**2 - 68*l + 246. Give p(7).
15
Let f(j) = -2802*j - 56047. Calculate f(-20).
-7
Let n(m) = -2*m**3 + 17*m**2 - 17*m - 54. What is n(7)?
-26
Let d(z) = z**3 + 11*z**2 + 17*z + 150. Give d(-10).
80
Let j(c) = 12*c**2 - 209*c + 611. Calculate j(3).
92
Let u(r) = -26*r - 530. What is u(-20)?
-10
Let y(r) = -r**3 + 37*r**2 - 275*r - 14. What is y(12)?
286
Let t(j) = 2*j**3 + 90*j**2 - 4*j - 149. What is t(-45)?
31
Let o(y) = -201*y - 151. Determine o(-1).
50
Let i(c) = -4*c**2 + 16*c - 2. What is i(4)?
-2
Let p(w) = -3*w**2 - 724*w - 1446. What is p(-2)?
-10
Let p(t) = -5*t - 679. Calculate p(-65).
-354
Let w(d) = -d**2 + 910*d - 50209. Give w(59).
0
Let l(b) = -265*b - 1618. Determine l(-6).
-28
Let f(r) = r**2 + 8*r - 762. Determine f(24).
6
Let d(c) = c**3 + 36*c**2 + 62*c - 202. Calculate d(-34).
2
Let c(n) = n**3 - 7*n**2 - 4*n - 130. Calculate c(9).
-4
Let f(v) = 3*v**2 + 34*v + 43. Calculate f(-10).
3
Let o(h) = h**3 - 9*h**2 + 12*h + 6. Determine o(7).
-8
Let h(f) = 2*f**2 + 37*f + 116. Determine h(-15).
11
Let t(a) = -7*a**3 + 83*a**2 + a + 103. Calculate t(12).
-29
Let t(s) = -2*s**2 - 44*s + 717. Give t(11).
-9
Let w(c) = 5*c**2 - 296*c - 164. Give w(60).
76
Let o(f) = 7*f**2 + 421*f + 53. Determine o(-60).
-7
Let w(h) = -h**2 - 41*h - 278. Give w(-31).
32
Let l(k) = 329*k + 2625. Give l(-8).
-7
Let y(i) = -i**2 - 130*i - 1767. Determine y(-14).
-143
Let g(f) = -45*f**2 + 26*f - 34. Give g(1).
-53
Let o(r) = 6*r**2 + 702*r + 701. What is o(-1)?
5
Let v(p) = 3*p**3 + p**2 - 3518*p + 3. What is v(0)?
3
Let i(x) = -29*x + 139. Calculate i(10).
-151
Let l(w) = -w**3 - 142*w**2 + 1518*w - 290. Calculate l(-152).
14
Let j(k) = -k**2 - 980*k + 14837. Determine j(15).
-88
Let j(i) = -i**2 - 70*i + 886. What is j(11)?
-5
Let f(x) = -4*x**2 - 135*x - 1395. Determine f(-11).
-394
Let c(a) = -a**3 - 186*a**2 - 557*a - 1473. Give c(-183).
-9
Let p(g) = 2*g**2 + 1078*g - 7668. What is p(7)?
-24
Let j(y) = 17*y**2 + 6756*y + 2771. Give j(-397).
-8
Let h(u) = -4*u**3 + 80*u**2 - 67*u - 164. Calculate h(19).
7
Let u(x) = -160*x**2 + 3521*x - 26. Calculate u(22).
-4
Let c(g) = -5*g**3 + 7*g**2 + 51*g - 35. Calculate c(-3).
10
Let w(g) = -g**3 + 38*g**2 + 79*g + 93. Calculate w(40).
53
Let s(x) = 22*x - 492. Calculate s(19).
-74
Let o(d) = -190*d - 13. Calculate o(1).
-203
Let b(s) = s**2 + 84*s - 342. Calculate b(4).
10
Let l(x) = -23*x**2 - 54*x - 2. Determine l(-3).
-47
Let j(f) = -59*f + 448. Give j(7).
35
Let q(z) = -3*z**3 + 47*z**2 + 34*z - 295. Determine q(16).
-7
Let k(p) = -p**3 + 81*p**2 + 83*p - 68. Give k(82).
14
Let k(u) = u**2 - 170*u + 2189. Determine k(14).
5
Let i(o) = 4*o - 286. What is i(31)?
-162
Let y(f) = 3108*f + 6215. What is y(-2)?
-1
Let l(v) = 2*v**2 - 140*v - 908. Calculate l(-6).
4
Let j(v) = -108*v + 1972. Give j(18).
28
Let u(a) = 5*a - 411. Calculate u(84).
9
Let x(p) = 27*p - 100. Determine x(-16).
-532
Let y(k) = 4*k**2 + 57*k - 190. Determine y(-17).
-3
Let d(g) = -930*g - 4642. Give d(-5).
8
Let w(x) = 494*x - 9466. Calculate w(19).
-80
Let w(c) = -2*c**3 + 9*c**2 + 56*c + 247. Give w(-6).
667
Let t(h) = -163*h - 1130. Determine t(-7).
11
Let n(o) = -25*o + 679. Calculate n(33).
-146
Let r(p) = -2*p**3 - 212*p**2 + p - 137. Calculate r(-106).
-243
Let b(q) = 20*q**2 - 80*q + 2. Calculate b(4).
2
Let o(c) = -583*c + 22768. Give o(39).
31
Let q(z) = 455*z + 510. Calculate q(-1).
55
Let h(q) = 741*q + 3778. What is h(-5)?
73
Let d(t) = 5*t**3 + 5*t**2 - 7*t - 7. Determine d(-1).
0
Let d(f) = 993*f - 35748. Give d(36).
0
Let u(s) = -2*s**3 + 5*s**2 - 45*s + 284. What is u(5)?
-66
Let x(d) = -87*d - 226. Give x(-5).
209
Let t(y) = -y**3 - 10*y**2 - 8*y - 895. Calculate t(-14).
1
Let l(j) = 3*j**3 + j**2 - 19*j - 41. Calculate l(-3).
-56
Let s(p) = -5*p**2 - 2*p + 1. Calculate s(6).
-191
Let z(t) = 28*t - 260. Determine z(12).
76
Let b(l) = l**2 - 14*l - 1200. Determine b(-28).
-24
Let y(n) = 41*n + 1634. Give y(-41).
-47
Let i(v) = -26*v + 2